{"id":1392,"date":"2024-01-02T12:54:22","date_gmt":"2024-01-02T11:54:22","guid":{"rendered":"https:\/\/fececa.net\/evento\/glass-ceiling-2024\/"},"modified":"2024-08-28T22:03:45","modified_gmt":"2024-08-28T21:03:45","slug":"glass-ceiling-2024","status":"publish","type":"evento","link":"https:\/\/fececa.net\/en\/evento\/glass-ceiling-2024\/","title":{"rendered":"Glass Ceiling 2024"},"content":{"rendered":"\n<p><span class=\"Y2IQFc\" lang=\"en\">The Spanish Chamber, together with Semana Econ\u00f3mica, will organize the VIII edition of the Glass Roof business seminar, dedicated to analyzing the achievements achieved and the pending challenges to achieve gender equality in the national business community.<\/span><\/p>\n\n<p><\/p>\n\n<p><\/p>\n","protected":false},"excerpt":{"rendered":"<p>The Spanish Chamber, together with Semana Econ\u00f3mica, will organize the VIII edition of the Glass Roof business seminar, dedicated to analyzing the achievements achieved and the pending challenges to achieve gender equality in the national business community.<\/p>\n","protected":false},"author":2,"featured_media":0,"template":"","class_list":["post-1392","evento","type-evento","status-publish","hentry"],"acf":[],"yoast_head":"<!-- This site is optimized with the Yoast SEO plugin v28.2 - https:\/\/yoast.com\/product\/yoast-seo-wordpress\/ -->\n<title>Glass Ceiling Event 2024 FECECA - Federaci\u00f3n de C\u00e1maras Espa\u00f1olas de Comercio en Am\u00e9rica<\/title>\n<meta name=\"description\" content=\"The Spanish Chamber, together with Semana Econ\u00f3mica, will organize the VIII edition of the Glass Roof business seminar, dedicated to analyzing the achievements achieved and the pending challenges to achieve gender equality in the national business community.\" \/>\n<meta name=\"robots\" content=\"index, follow, max-snippet:-1, max-image-preview:large, max-video-preview:-1\" \/>\n<link rel=\"canonical\" href=\"https:\/\/fececa.net\/en\/evento\/glass-ceiling-2024\/\" \/>\n<meta property=\"og:locale\" content=\"en_US\" \/>\n<meta property=\"og:type\" content=\"article\" \/>\n<meta property=\"og:title\" content=\"Glass Ceiling Event 2024 FECECA - Federaci\u00f3n de C\u00e1maras Espa\u00f1olas de Comercio en Am\u00e9rica\" \/>\n<meta property=\"og:description\" content=\"The Spanish Chamber, together with Semana Econ\u00f3mica, will organize the VIII edition of the Glass Roof business seminar, dedicated to analyzing the achievements achieved and the pending challenges to achieve gender equality in the national business community.\" \/>\n<meta property=\"og:url\" content=\"https:\/\/fececa.net\/en\/evento\/glass-ceiling-2024\/\" \/>\n<meta property=\"og:site_name\" content=\"FECECA - Federaci\u00f3n de C\u00e1maras Espa\u00f1olas de Comercio en Am\u00e9rica\" \/>\n<meta property=\"article:modified_time\" content=\"2024-08-28T21:03:45+00:00\" \/>\n<meta name=\"twitter:card\" content=\"summary_large_image\" \/>\n<script type=\"application\/ld+json\" class=\"yoast-schema-graph\">{\"@context\":\"https:\\\/\\\/schema.org\",\"@graph\":[{\"@type\":\"WebPage\",\"@id\":\"https:\\\/\\\/fececa.net\\\/en\\\/evento\\\/glass-ceiling-2024\\\/\",\"url\":\"https:\\\/\\\/fececa.net\\\/en\\\/evento\\\/glass-ceiling-2024\\\/\",\"name\":\"Glass Ceiling Event 2024 FECECA - Federaci\u00f3n de C\u00e1maras Espa\u00f1olas de Comercio en Am\u00e9rica\",\"isPartOf\":{\"@id\":\"https:\\\/\\\/fececa.net\\\/en\\\/#website\"},\"datePublished\":\"2024-01-02T11:54:22+00:00\",\"dateModified\":\"2024-08-28T21:03:45+00:00\",\"description\":\"The Spanish Chamber, together with Semana Econ\u00f3mica, will organize the VIII edition of the Glass Roof business seminar, dedicated to analyzing the achievements achieved and the pending challenges to achieve gender equality in the national business community.\",\"breadcrumb\":{\"@id\":\"https:\\\/\\\/fececa.net\\\/en\\\/evento\\\/glass-ceiling-2024\\\/#breadcrumb\"},\"inLanguage\":\"en-US\",\"potentialAction\":[{\"@type\":\"ReadAction\",\"target\":[\"https:\\\/\\\/fececa.net\\\/en\\\/evento\\\/glass-ceiling-2024\\\/\"]}]},{\"@type\":\"BreadcrumbList\",\"@id\":\"https:\\\/\\\/fececa.net\\\/en\\\/evento\\\/glass-ceiling-2024\\\/#breadcrumb\",\"itemListElement\":[{\"@type\":\"ListItem\",\"position\":1,\"name\":\"Portada\",\"item\":\"https:\\\/\\\/fececa.net\\\/en\\\/\"},{\"@type\":\"ListItem\",\"position\":2,\"name\":\"Glass Ceiling 2024\"}]},{\"@type\":\"WebSite\",\"@id\":\"https:\\\/\\\/fececa.net\\\/en\\\/#website\",\"url\":\"https:\\\/\\\/fececa.net\\\/en\\\/\",\"name\":\"Fececa\",\"description\":\"\",\"publisher\":{\"@id\":\"https:\\\/\\\/fececa.net\\\/en\\\/#organization\"},\"potentialAction\":[{\"@type\":\"SearchAction\",\"target\":{\"@type\":\"EntryPoint\",\"urlTemplate\":\"https:\\\/\\\/fececa.net\\\/en\\\/?s={search_term_string}\"},\"query-input\":{\"@type\":\"PropertyValueSpecification\",\"valueRequired\":true,\"valueName\":\"search_term_string\"}}],\"inLanguage\":\"en-US\"},{\"@type\":\"Organization\",\"@id\":\"https:\\\/\\\/fececa.net\\\/en\\\/#organization\",\"name\":\"Fececa\",\"url\":\"https:\\\/\\\/fececa.net\\\/en\\\/\",\"logo\":{\"@type\":\"ImageObject\",\"inLanguage\":\"en-US\",\"@id\":\"https:\\\/\\\/fececa.net\\\/en\\\/#\\\/schema\\\/logo\\\/image\\\/\",\"url\":\"https:\\\/\\\/fececa.net\\\/wp-content\\\/uploads\\\/2023\\\/12\\\/Capa_1-1.png\",\"contentUrl\":\"https:\\\/\\\/fececa.net\\\/wp-content\\\/uploads\\\/2023\\\/12\\\/Capa_1-1.png\",\"width\":121,\"height\":32,\"caption\":\"Fececa\"},\"image\":{\"@id\":\"https:\\\/\\\/fececa.net\\\/en\\\/#\\\/schema\\\/logo\\\/image\\\/\"}}]}<\/script>\n<!-- \/ Yoast SEO plugin. -->","yoast_head_json":{"title":"Glass Ceiling Event 2024 FECECA - Federaci\u00f3n de C\u00e1maras Espa\u00f1olas de Comercio en Am\u00e9rica","description":"The Spanish Chamber, together with Semana Econ\u00f3mica, will organize the VIII edition of the Glass Roof business seminar, dedicated to analyzing the achievements achieved and the pending challenges to achieve gender equality in the national business community.","robots":{"index":"index","follow":"follow","max-snippet":"max-snippet:-1","max-image-preview":"max-image-preview:large","max-video-preview":"max-video-preview:-1"},"canonical":"https:\/\/fececa.net\/en\/evento\/glass-ceiling-2024\/","og_locale":"en_US","og_type":"article","og_title":"Glass Ceiling Event 2024 FECECA - Federaci\u00f3n de C\u00e1maras Espa\u00f1olas de Comercio en Am\u00e9rica","og_description":"The Spanish Chamber, together with Semana Econ\u00f3mica, will organize the VIII edition of the Glass Roof business seminar, dedicated to analyzing the achievements achieved and the pending challenges to achieve gender equality in the national business community.","og_url":"https:\/\/fececa.net\/en\/evento\/glass-ceiling-2024\/","og_site_name":"FECECA - Federaci\u00f3n de C\u00e1maras Espa\u00f1olas de Comercio en Am\u00e9rica","article_modified_time":"2024-08-28T21:03:45+00:00","twitter_card":"summary_large_image","schema":{"@context":"https:\/\/schema.org","@graph":[{"@type":"WebPage","@id":"https:\/\/fececa.net\/en\/evento\/glass-ceiling-2024\/","url":"https:\/\/fececa.net\/en\/evento\/glass-ceiling-2024\/","name":"Glass Ceiling Event 2024 FECECA - Federaci\u00f3n de C\u00e1maras Espa\u00f1olas de Comercio en Am\u00e9rica","isPartOf":{"@id":"https:\/\/fececa.net\/en\/#website"},"datePublished":"2024-01-02T11:54:22+00:00","dateModified":"2024-08-28T21:03:45+00:00","description":"The Spanish Chamber, together with Semana Econ\u00f3mica, will organize the VIII edition of the Glass Roof business seminar, dedicated to analyzing the achievements achieved and the pending challenges to achieve gender equality in the national business community.","breadcrumb":{"@id":"https:\/\/fececa.net\/en\/evento\/glass-ceiling-2024\/#breadcrumb"},"inLanguage":"en-US","potentialAction":[{"@type":"ReadAction","target":["https:\/\/fececa.net\/en\/evento\/glass-ceiling-2024\/"]}]},{"@type":"BreadcrumbList","@id":"https:\/\/fececa.net\/en\/evento\/glass-ceiling-2024\/#breadcrumb","itemListElement":[{"@type":"ListItem","position":1,"name":"Portada","item":"https:\/\/fececa.net\/en\/"},{"@type":"ListItem","position":2,"name":"Glass Ceiling 2024"}]},{"@type":"WebSite","@id":"https:\/\/fececa.net\/en\/#website","url":"https:\/\/fececa.net\/en\/","name":"Fececa","description":"","publisher":{"@id":"https:\/\/fececa.net\/en\/#organization"},"potentialAction":[{"@type":"SearchAction","target":{"@type":"EntryPoint","urlTemplate":"https:\/\/fececa.net\/en\/?s={search_term_string}"},"query-input":{"@type":"PropertyValueSpecification","valueRequired":true,"valueName":"search_term_string"}}],"inLanguage":"en-US"},{"@type":"Organization","@id":"https:\/\/fececa.net\/en\/#organization","name":"Fececa","url":"https:\/\/fececa.net\/en\/","logo":{"@type":"ImageObject","inLanguage":"en-US","@id":"https:\/\/fececa.net\/en\/#\/schema\/logo\/image\/","url":"https:\/\/fececa.net\/wp-content\/uploads\/2023\/12\/Capa_1-1.png","contentUrl":"https:\/\/fececa.net\/wp-content\/uploads\/2023\/12\/Capa_1-1.png","width":121,"height":32,"caption":"Fececa"},"image":{"@id":"https:\/\/fececa.net\/en\/#\/schema\/logo\/image\/"}}]}},"_links":{"self":[{"href":"https:\/\/fececa.net\/en\/wp-json\/wp\/v2\/evento\/1392","targetHints":{"allow":["GET"]}}],"collection":[{"href":"https:\/\/fececa.net\/en\/wp-json\/wp\/v2\/evento"}],"about":[{"href":"https:\/\/fececa.net\/en\/wp-json\/wp\/v2\/types\/evento"}],"author":[{"embeddable":true,"href":"https:\/\/fececa.net\/en\/wp-json\/wp\/v2\/users\/2"}],"wp:attachment":[{"href":"https:\/\/fececa.net\/en\/wp-json\/wp\/v2\/media?parent=1392"}],"curies":[{"name":"wp","href":"https:\/\/api.w.org\/{rel}","templated":true}]}}

<p><span class="Y2IQFc" lang="en">The Spanish Chamber, together with Semana Económica, will organize the VIII edition of the Glass Roof business seminar, dedicated to analyzing the achievements achieved and the pending challenges to achieve gender equality in the national business community.</span></p>

<p></p>

<p></p>

<p>The Spanish Chamber, together with Semana Económica, will organize the VIII edition of the Glass Roof business seminar, dedicated to analyzing the achievements achieved and the pending challenges to achieve gender equality in the national business community.</p>

<!-- This site is optimized with the Yoast SEO plugin v28.2 - https://yoast.com/product/yoast-seo-wordpress/ -->
<title>Glass Ceiling Event 2024 FECECA - Federación de Cámaras Españolas de Comercio en América</title>
<meta name="description" content="The Spanish Chamber, together with Semana Económica, will organize the VIII edition of the Glass Roof business seminar, dedicated to analyzing the achievements achieved and the pending challenges to achieve gender equality in the national business community." />
<meta name="robots" content="index, follow, max-snippet:-1, max-image-preview:large, max-video-preview:-1" />
<link rel="canonical" href="https://fececa.net/en/evento/glass-ceiling-2024/" />
<meta property="og:locale" content="en_US" />
<meta property="og:type" content="article" />
<meta property="og:title" content="Glass Ceiling Event 2024 FECECA - Federación de Cámaras Españolas de Comercio en América" />
<meta property="og:description" content="The Spanish Chamber, together with Semana Económica, will organize the VIII edition of the Glass Roof business seminar, dedicated to analyzing the achievements achieved and the pending challenges to achieve gender equality in the national business community." />
<meta property="og:url" content="https://fececa.net/en/evento/glass-ceiling-2024/" />
<meta property="og:site_name" content="FECECA - Federación de Cámaras Españolas de Comercio en América" />
<meta property="article:modified_time" content="2024-08-28T21:03:45+00:00" />
<meta name="twitter:card" content="summary_large_image" />
<script type="application/ld+json" class="yoast-schema-graph">{"@context":"https:\/\/schema.org","@graph":[{"@type":"WebPage","@id":"https:\/\/fececa.net\/en\/evento\/glass-ceiling-2024\/","url":"https:\/\/fececa.net\/en\/evento\/glass-ceiling-2024\/","name":"Glass Ceiling Event 2024 FECECA - Federación de Cámaras Españolas de Comercio en América","isPartOf":{"@id":"https:\/\/fececa.net\/en\/#website"},"datePublished":"2024-01-02T11:54:22+00:00","dateModified":"2024-08-28T21:03:45+00:00","description":"The Spanish Chamber, together with Semana Económica, will organize the VIII edition of the Glass Roof business seminar, dedicated to analyzing the achievements achieved and the pending challenges to achieve gender equality in the national business community.","breadcrumb":{"@id":"https:\/\/fececa.net\/en\/evento\/glass-ceiling-2024\/#breadcrumb"},"inLanguage":"en-US","potentialAction":[{"@type":"ReadAction","target":["https:\/\/fececa.net\/en\/evento\/glass-ceiling-2024\/"]}]},{"@type":"BreadcrumbList","@id":"https:\/\/fececa.net\/en\/evento\/glass-ceiling-2024\/#breadcrumb","itemListElement":[{"@type":"ListItem","position":1,"name":"Portada","item":"https:\/\/fececa.net\/en\/"},{"@type":"ListItem","position":2,"name":"Glass Ceiling 2024"}]},{"@type":"WebSite","@id":"https:\/\/fececa.net\/en\/#website","url":"https:\/\/fececa.net\/en\/","name":"Fececa","description":"","publisher":{"@id":"https:\/\/fececa.net\/en\/#organization"},"potentialAction":[{"@type":"SearchAction","target":{"@type":"EntryPoint","urlTemplate":"https:\/\/fececa.net\/en\/?s={search_term_string}"},"query-input":{"@type":"PropertyValueSpecification","valueRequired":true,"valueName":"search_term_string"}}],"inLanguage":"en-US"},{"@type":"Organization","@id":"https:\/\/fececa.net\/en\/#organization","name":"Fececa","url":"https:\/\/fececa.net\/en\/","logo":{"@type":"ImageObject","inLanguage":"en-US","@id":"https:\/\/fececa.net\/en\/#\/schema\/logo\/image\/","url":"https:\/\/fececa.net\/wp-content\/uploads\/2023\/12\/Capa_1-1.png","contentUrl":"https:\/\/fececa.net\/wp-content\/uploads\/2023\/12\/Capa_1-1.png","width":121,"height":32,"caption":"Fececa"},"image":{"@id":"https:\/\/fececa.net\/en\/#\/schema\/logo\/image\/"}}]}</script>
<!-- / Yoast SEO plugin. -->

Glass Ceiling Event 2024 FECECA - Federación de Cámaras Españolas de Comercio en América

The Spanish Chamber, together with Semana Económica, will organize the VIII edition of the Glass Roof business seminar, dedicated to analyzing the achievements achieved and the pending challenges to achieve gender equality in the national business community.

FECECA - Federación de Cámaras Españolas de Comercio en América
